 s - 6 = -b. Give w(b).
1
Let i = -1 - 2. Let b(g) = 6*g + 2. Let p(x) = 3*x. Let r(a) = -2*b(a) + 5*p(a). Determine r(i).
-13
Let g(q) = -18 - 2*q + 38 - 19 - q**2. Give g(1).
-2
Let y(f) be the second derivative of -5*f**3/6 + f**2/2 + 7*f. Determine y(-1).
6
Suppose 0 = -3*v + 3*y + 6, 5*y - 2 + 6 = 3*v. Let b(d) = -d + 2*d - v*d + d. Let l = -6 - -3. What is b(l)?
3
Let b(x) = 4*x**3 + 2*x - 1. Let l = -10 - -4. Let t be (4/(-6))/(4/l). Determine b(t).
5
Let a = -24 + 14. Let t be 4/(-10) + (-24)/a. Let l(f) = 0*f**3 - f**3 - 6*f**2 + t*f**2 + 5*f. What is l(-5)?
0
Let b(k) be the third derivative of -k**5/60 - k**4/6 + k**3/2 + 2*k**2. Suppose 0 = -3*r + 5*r. Let z = r - -2. Calculate b(z).
-9
Let n(f) = 4*f + f**3 - 3*f + 4*f**2 - 4*f**2 + 14. What is n(0)?
14
Let m(a) be the second derivative of a**4/12 + a**3 - 2*a**2 - 15*a. What is m(-7)?
3
Let x(z) = -3*z - 1. Suppose m - 8 = -m. Suppose 0 = -b - 1 + m. Let o be b + (-3 - -6 - 9). What is x(o)?
8
Let i(w) = w**2 - 6*w - 4. Let l be (-3)/6*-2*5. Suppose l*x + 5*g = 10, 5*g + 26 = x - 0*g. Determine i(x).
-4
Let r(c) be the second derivative of c**4/12 + 5*c**3/3 + 5*c**2 + 10*c. Calculate r(-7).
-11
Suppose 0 = 2*i + k - 6, 5*i - k + 3 = 11. Let v(r) = -5*r - 1. Let a(d) = 0*d - d + 0*d. Let b(o) = -6*a(o) + v(o). Determine b(i).
1
Let n(s) be the third derivative of -s**5/15 + s**4/12 + s**3/6 + 6*s**2. Let o be (-1)/(-3) - 4/3. What is n(o)?
-5
Let s(h) = -6*h**2 + h. Let y be s(-1). Let w(c) = -c**2 - 9*c - 10. Determine w(y).
4
Let n be 9/(-3) - -3 - -3. Let l(h) = 4*h - 1. Give l(n).
11
Let u(f) = f**2 + 6*f - 4. Let n = 11 + -17. Give u(n).
-4
Let y(j) be the second derivative of j**3/2 - 3*j**2/2 - 27*j. Calculate y(2).
3
Let l(k) = -k**2 + 7*k + 4. Suppose -38*j + 28 = -34*j. Determine l(j).
4
Let m(h) = -h**2 + 4*h - 3. Let c = 116 - 112. Determine m(c).
-3
Let l(d) be the first derivative of -d**4/4 - 4*d**3/3 + 3*d**2 + 2. Suppose -4*m + 15 = -7*m. Calculate l(m).
-5
Let l(d) = d. Let r(c) be the second derivative of c**2/2 - 2*c. Let q be (-8)/28 - 52/14. Let y(u) = q*l(u) + 3*r(u). What is y(3)?
-9
Let v(l) = -3*l - 6. Let i be (1/2)/(1/(-4)). Let x be i/((-1)/2 - 0). Suppose x = -t - 0. Calculate v(t).
6
Let i = 0 + 4. Let t(u) = 3*u + 2 + 0 - i*u. Let s be 48/8 + 2/(-1). Give t(s).
-2
Let k(l) = -2*l**2 + l - 1. Suppose 0 = 5*q + 32 + 8. Let g be (-8)/((q/(-3))/(-4)). Suppose -4*y = y - d - g, 5*y + d - 8 = 0. Determine k(y).
-7
Suppose -4*o = 5*o + 45. Let b(t) = t**3 + 6*t**2 + 5*t + 4. Calculate b(o).
4
Let o(p) = -6*p + 1. Let d(b) = -3*b. Let v(r) = -5*d(r) + 2*o(r). Give v(4).
14
Let t(l) = -2*l - 14. Let i(u) = 3*u + 27. Let s(r) = 3*i(r) + 5*t(r). Determine s(12).
-1
Suppose 5*q + 4*o + 2 - 12 = 0, -3*o = -5*q + 45. Let h(t) = 2*t - 1. Calculate h(q).
11
Let p(a) = a**3 + 5*a**2 - 3. Let m(o) be the third derivative of -o**4/6 - o**3/6 - o**2. Let x(z) = -2*z + 9. Let f be x(4). Let q be m(f). Determine p(q).
-3
Let p(f) = -f**2 + 8*f - 6. Let m be p(3). Suppose 5*i - 21 - m = 5*x, -i + 5*x = -6. Let u(k) = k**2 - 5*k - 6. Give u(i).
0
Let d = -7 - -10. Let l be 0 - 1 - 16/(-4). Let v(p) = 4*p**2 + p**3 + 0*p**3 - l*p - 7*p**2 + 4. Determine v(d).
-5
Let y(l) = l**3 + 2*l + 7. Let z(h) = -h**3 - 1. Let k(v) = y(v) + 6*z(v). Let w be (-16)/(-4)*2/(-8). Calculate k(w).
4
Suppose -2*n = -n. Suppose n = -0*c - 2*c - 4*z + 2, 4*c - z = 4. Let y(r) = 2 + 0 - r**2 + r - c. Determine y(2).
-1
Let c(x) = 7*x + 3. Let q(v) = 6*v + 3. Let l(t) = 5*c(t) - 6*q(t). Let k(r) = r + 1. Let b be k(-3). Let m = 0 + b. What is l(m)?
-1
Let x be (4 - 2)/(-2)*-3. Let m(u) = -u**2 + 7*u - 4. Let i be m(6). Let n = i + x. Let g(s) = s - 6. Calculate g(n).
-1
Let c(v) = -v. Let h(m) = 1. Let z(b) = -2*c(b) + 3*h(b). Let y be z(-4). Let d(u) = u + 2. Give d(y).
-3
Let a(j) = 2*j**3 + 2*j**2. Let n be a(-2). Let y be (-4)/n*(-20)/2. Let d(h) = -h**2 - 6*h - 4. Determine d(y).
1
Let b(c) = -c**2 + 4*c + 7. Let l be b(5). Let w be (-3 - -8)*1*1. Let z(r) = w - l + 3*r - 5*r. What is z(3)?
-3
Let b be 2/(-8) - 18/(-8). Suppose -b*p + 0 = 8. Let x(s) = 3*s**2 + 2 - 2*s**2 + 7*s + 4. Determine x(p).
-6
Suppose p + 3 = o, -2*p + 3*p = -4*o + 7. Let b(i) = o*i + 5 - 5. Determine b(-1).
-2
Let p(c) = -11*c - 16. Let i(w) = -3*w - 4. Let t(g) = -9*i(g) + 2*p(g). Let n = -6 + 3. Give t(n).
-11
Let p(o) be the second derivative of -o**4/12 - 2*o**3/3 + 2*o**2 - 16*o. Give p(-4).
4
Let y(t) = -t**2 - t - 1. Let j(a) = 3 - 2*a + 2*a - 2*a + 2*a**2 + 6*a. Let l be 1/3 - (-16)/6. Let s(h) = l*y(h) + j(h). Give s(0).
0
Let l(u) = -u + 5. Let z = -40 + 45. Calculate l(z).
0
Let u = 4 + 1. Let n(h) = h**3 + h**2 + h - 1. Let s(l) = -4*l**3 - 10*l**2 - 5*l + 9. Let m = -6 - -11. Let w(b) = m*n(b) + s(b). Calculate w(u).
4
Let c(j) = 5*j**2 + 8*j + 25. Let a(l) = 3*l**2 + 5*l + 17. Let s(w) = 8*a(w) - 5*c(w). Determine s(0).
11
Suppose 154 - 10 = -16*m. Let j(z) = -z**2 - 9*z + 4. Give j(m).
4
Suppose t - 4 - 2 = 0. Suppose t*s - 3*s + 4*r = 0, 0 = -3*r + 9. Let w(q) = -2*q + 1. Determine w(s).
9
Let l = 23 + -18. Suppose -2*i + 3*f = -8, 3*i - 12 + 0 = l*f. Let y(m) = -m**2 + 3*m - 4. Calculate y(i).
-8
Let g(r) = -r**2 + 3*r. Suppose 2*m + h - 3 = 0, 0*m - m + 5*h = -29. Determine g(m).
-4
Let x(c) = c**3 - c**2 - c + 5. Suppose -4*b = -5 - 7. Let k(d) = -d**2 + 2*d + 3. Let t be k(b). Calculate x(t).
5
Let w(c) = 9*c**2 - 1. Suppose r - 4*r + 12 = 0. Let m be 1/(2/r) - 1. Give w(m).
8
Suppose 0*c + 2*c = 0. Let w(q) = q**3 + c*q - q + 0*q**3 + 0*q**3. What is w(2)?
6
Suppose -l + 5*x + 4 = 0, 4*x - 4 = -l - 0*l. Let p(d) be the first derivative of d**2 + 7. What is p(l)?
8
Suppose 2*s + 12 = 3*c - 2*c, -5*c - 24 = 4*s. Let i(r) = -r**2 - 6*r - 2. What is i(s)?
-2
Let m(u) = -u - 6. Suppose -4*q - 9 = -3*r, 2 = -5*q + 5*r - 13. Suppose q*f = -3*f + 6. Suppose 8 = -f*x - 0*x. Determine m(x).
-2
Let m(q) be the third derivative of q**6/120 - q**5/10 - q**4/24 + 5*q**3/6 + 7*q**2. What is m(6)?
-1
Let w(x) = -x**2 + 2 + 5*x + 3 + 0*x + 2. Determine w(5).
7
Let h(y) = y**3 - 5*y**2 + 5*y - 1. Let n be -4*(4/4 + -2). What is h(n)?
3
Let p = -5 + -1. Let v(c) = c**2 + 6*c + 6. Give v(p).
6
Let r = 11 + -5. Let p(b) = b**3 - 6*b**2 + 2*b - 5. Give p(r).
7
Suppose 5*w + 4*v = 14, 2*w + 0*v - 2*v - 20 = 0. Let h(b) = b - 2. Calculate h(w).
4
Suppose -5*i - 12 = -5*w + 3, -4*i + 3*w - 15 = 0. Let r(x) = x**3 + 7*x**2 + 5*x + 1. Calculate r(i).
7
Suppose 6*z + 6 = -6. Let q(g) = g**2 - 2*g - 3. Give q(z).
5
Let s(q) = 2*q - 7. Let k be s(5). Let d(x) be the second derivative of -1/4*x**4 - 1/20*x**5 + 4*x + 0 + 2/3*x**k - 5/2*x**2. Determine d(-4).
-5
Let u(y) = -y + 6. Let b(g) = -g**2 - 5*g - 4. Suppose 5*v + 47 - 3 = -4*w, -w + 5*v = 11. Let z = w + 7. Let n be b(z). What is u(n)?
6
Let y(d) = d + 1. Let k(o) = 2*o**3 + o**2 - 2*o - 4. Let w(t) = -k(t) - 2*y(t). Determine w(-2).
14
Suppose k = 2*u + 8, k + 8*u - 4*u + 16 = 0. Let j(l) = -l**2 - 3*l + 3. Let v(h) = 2*h**2 + 7*h - 7. Let i(c) = -5*j(c) - 2*v(c). Calculate i(k).
-1
Let b(q) = q - 7. Let a be b(10). Let m = 4 + a. Let i(l) = -l**2 + 6*l. What is i(m)?
-7
Suppose -9 = -0*k - 3*k. Let a(p) = -1 - 2*p - 2*p + k + 3*p. Calculate a(5).
-3
Suppose 5 = -4*v + 3*v. Let k(s) = s**2 + s - 7. Let c(j) = -j**2 + 6. Let r(x) = v*k(x) - 6*c(x). Determine r(4).
-5
Let z(m) = 2*m**2 - 4*m + 1. Let h(d) = -3*d**2 - 2 + 4*d + d + 3*d. Let o(j) = 3*h(j) + 5*z(j). What is o(-3)?
-4
Let o(n) = -n + 1. Let x be o(1). Let i(y) = -7*y**3 - 1 + x*y + 3*y - 2*y. Let u = -7 + 8. Calculate i(u).
-7
Let d be (-6)/8*(8 + -4). Let v(y) = -y + y**2 + y - 3. Determine v(d).
6
Let r = 3 + 2. Let j(x) = 6*x**3 + x**2 - 5*x + 3. Let m(q) = -q**3 + q + 1. Let u(v) = r*m(v) + j(v). Give u(0).
8
Let k(m) = -2*m**3 + 4*m**2 - 9*m - 6. Let j(c) = c**3 - 4*c**2 + 8*c + 6. Let b(v) = -3*j(v) - 2*k(v). What is b(-4)?
18
Let s(b) be the second derivative of -b**3/6 - b**2 - 26*b. Give s(8).
-10
Suppose -2*c + 7 = -1. Let q(w) be the second derivative of w**3/6 - 3*w**2 + 3*w. What is q(c)?
-2
Let m(s) = s**3 - 2*s**2 - 2. Suppose w - 2*z + 19 = 0, -4*z - 32 = 4*w - z. Let t(b) = 6*b**3 - 10*b**2 - 11. Let g(h) = w*m(h) + 2*t(h). Give g(-3).
-9
Let b(a) be the first derivative of 0*a - 1/2*